{"id":1006,"date":"2025-02-24T16:38:12","date_gmt":"2025-02-24T16:38:12","guid":{"rendered":"https:\/\/sp.antonioscribano.it\/ufaq\/dita-ad-artiglio\/"},"modified":"2025-03-21T10:09:20","modified_gmt":"2025-03-21T10:09:20","slug":"krallenzehen","status":"publish","type":"ufaq","link":"https:\/\/www.studiodipodologia.com\/de\/ufaq\/krallenzehen\/","title":{"rendered":"Krallenzehen"},"content":{"rendered":"<div  class=\"ewd-ufaq-faq-list ewd-ufaq-page-type-distinct\" id='ewd-ufaq-faq-list'>\n\n\t<input type='hidden' name='show_on_load' value='' id='ewd-ufaq-show-on-load' \/>\n<input type='hidden' name='include_category' value='' id='ewd-ufaq-include-category' \/>\n<input type='hidden' name='exclude_category' value='' id='ewd-ufaq-exclude-category' \/>\n<input type='hidden' name='orderby' value='title' id='ewd-ufaq-orderby' \/>\n<input type='hidden' name='order' value='asc' id='ewd-ufaq-order' \/>\n<input type='hidden' name='post_count' value='-1' id='ewd-ufaq-post-count' \/>\n<input type='hidden' name='current_url' value='\/de\/wp-json\/wp\/v2\/ufaq\/1006' id='ewd-ufaq-current-url' \/>\n\t\n\t\n\t<div class='ewd-ufaq-faqs'>\n\n\t\t<div  class=\"ewd-ufaq-faq-div ewd-ufaq-faq-column-count-one ewd-ufaq-faq-responsive-columns- ewd-ufaq-faq-display-style-default ewd-ufaq-can-be-toggled\" id='ewd-ufaq-post-1006-hlxK6Lf0lE' data-post_id='1006'>\n\n\t<div class='ewd-ufaq-faq-title ewd-ufaq-faq-toggle'>\n\t\n\t<a class='ewd-ufaq-post-margin'  href='#' role=\"button\">\n\n\t\t<div class='ewd-ufaq-post-margin-symbol ewd-ufaq-'>\n\t\t\t<span >A<\/span>\n\t\t<\/div>\n\n\t\t<div class='ewd-ufaq-faq-title-text'>\n\n\t\t\t<h4>\n\t\t\t\tKrallenzehen\t\t\t<\/h4>\n\n\t\t<\/div>\n\n\t\t<div class='ewd-ufaq-clear'><\/div>\n\n\t<\/a>\n\t\n<\/div>\n\t\n\t<div class='ewd-ufaq-faq-body ' >\n\n\t\t\n\t\t\t\n\t\t\n\t\t\t<div class='ewd-ufaq-post-margin ewd-ufaq-faq-post'>\n\t\n<p class=\"wp-block-paragraph\">Krallenzehen sind eine Deformit\u00e4t der kleineren Zehen, bei der sie nach unten gebogen werden und eine krallenartige Form annehmen. Diese Erkrankung kann Schmerzen, Schwielen und Gehbeschwerden verursachen. Die Ursachen f\u00fcr Krallenzehen sind vielf\u00e4ltig und k\u00f6nnen unter anderem das Tragen enger Schuhe, neuromuskul\u00e4re Erkrankungen und Verletzungen umfassen.<\/p>\n<\/div>\n\t\t\n\t\t\t\n\t\t\n\t\t\t\n\t\t\n\t\t\t\n\t\t\n\t\t\t\n\t\t\n\t\t\t\n\t\t\n\t\t\t\n\t\t\n\t\t\t\n\t\t\n\t\t\t\n\t\t\n\t<\/div>\n\n<\/div>\n\t<\/div>\n\n\t\n<\/div>","protected":false},"excerpt":{"rendered":"<p>A Krallenzehen Krallenzehen sind eine Deformit\u00e4t der kleineren Zehen, bei der sie nach unten gebogen werden und eine krallenartige Form annehmen. Diese Erkrankung kann Schmerzen, Schwielen und Gehbeschwerden verursachen. Die Ursachen f\u00fcr Krallenzehen sind vielf\u00e4ltig und k\u00f6nnen unter anderem das Tragen enger Schuhe, neuromuskul\u00e4re Erkrankungen und Verletzungen umfassen.<\/p>\n","protected":false},"author":1,"comment_status":"closed","ping_status":"closed","template":"","ufaq-category":[23],"ufaq-tag":[],"class_list":["post-1006","ufaq","type-ufaq","status-publish","hentry","ufaq-category-haufige-pathologien"],"acf":[],"_links":{"self":[{"href":"https:\/\/www.studiodipodologia.com\/de\/wp-json\/wp\/v2\/ufaq\/1006","targetHints":{"allow":["GET"]}}],"collection":[{"href":"https:\/\/www.studiodipodologia.com\/de\/wp-json\/wp\/v2\/ufaq"}],"about":[{"href":"https:\/\/www.studiodipodologia.com\/de\/wp-json\/wp\/v2\/types\/ufaq"}],"author":[{"embeddable":true,"href":"https:\/\/www.studiodipodologia.com\/de\/wp-json\/wp\/v2\/users\/1"}],"replies":[{"embeddable":true,"href":"https:\/\/www.studiodipodologia.com\/de\/wp-json\/wp\/v2\/comments?post=1006"}],"wp:attachment":[{"href":"https:\/\/www.studiodipodologia.com\/de\/wp-json\/wp\/v2\/media?parent=1006"}],"wp:term":[{"taxonomy":"ufaq-category","embeddable":true,"href":"https:\/\/www.studiodipodologia.com\/de\/wp-json\/wp\/v2\/ufaq-category?post=1006"},{"taxonomy":"ufaq-tag","embeddable":true,"href":"https:\/\/www.studiodipodologia.com\/de\/wp-json\/wp\/v2\/ufaq-tag?post=1006"}],"curies":[{"name":"wp","href":"https:\/\/api.w.org\/{rel}","templated":true}]}}

<div  class="ewd-ufaq-faq-list ewd-ufaq-page-type-distinct" id='ewd-ufaq-faq-list'>

	<input type='hidden' name='show_on_load' value='' id='ewd-ufaq-show-on-load' />
<input type='hidden' name='include_category' value='' id='ewd-ufaq-include-category' />
<input type='hidden' name='exclude_category' value='' id='ewd-ufaq-exclude-category' />
<input type='hidden' name='orderby' value='title' id='ewd-ufaq-orderby' />
<input type='hidden' name='order' value='asc' id='ewd-ufaq-order' />
<input type='hidden' name='post_count' value='-1' id='ewd-ufaq-post-count' />
<input type='hidden' name='current_url' value='/de/wp-json/wp/v2/ufaq/1006' id='ewd-ufaq-current-url' />
	
	
	<div class='ewd-ufaq-faqs'>

		<div  class="ewd-ufaq-faq-div ewd-ufaq-faq-column-count-one ewd-ufaq-faq-responsive-columns- ewd-ufaq-faq-display-style-default ewd-ufaq-can-be-toggled" id='ewd-ufaq-post-1006-hlxK6Lf0lE' data-post_id='1006'>

	<div class='ewd-ufaq-faq-title ewd-ufaq-faq-toggle'>
	
	<a class='ewd-ufaq-post-margin'  href='#' role="button">

		<div class='ewd-ufaq-post-margin-symbol ewd-ufaq-'>
			<span >A</span>
		</div>

		<div class='ewd-ufaq-faq-title-text'>

			<h4>
				Krallenzehen			</h4>

		</div>

		<div class='ewd-ufaq-clear'></div>

	</a>
	
</div>
	
	<div class='ewd-ufaq-faq-body ' >

		
			
		
			<div class='ewd-ufaq-post-margin ewd-ufaq-faq-post'>
	
<p class="wp-block-paragraph">Krallenzehen sind eine Deformität der kleineren Zehen, bei der sie nach unten gebogen werden und eine krallenartige Form annehmen. Diese Erkrankung kann Schmerzen, Schwielen und Gehbeschwerden verursachen. Die Ursachen für Krallenzehen sind vielfältig und können unter anderem das Tragen enger Schuhe, neuromuskuläre Erkrankungen und Verletzungen umfassen.</p>
</div>
		
			
		
			
		
			
		
			
		
			
		
			
		
			
		
			
		
	</div>

</div>
	</div>

	
</div>

<p>A Krallenzehen Krallenzehen sind eine Deformität der kleineren Zehen, bei der sie nach unten gebogen werden und eine krallenartige Form annehmen. Diese Erkrankung kann Schmerzen, Schwielen und Gehbeschwerden verursachen. Die Ursachen für Krallenzehen sind vielfältig und können unter anderem das Tragen enger Schuhe, neuromuskuläre Erkrankungen und Verletzungen umfassen.</p>
